In base 5, what is -412 + -1?
-413
In base 10, what is 1188 - 6?
1182
In base 5, what is 3141 - -20?
3211
In base 4, what is 13130 + 11?
13201
In base 5, what is -40 + 3?
-32
In base 5, what is -4 + -1043?
-1102
In base 4, what is 2 - -23100?
23102
In base 5, what is 20 + -120?
-100
In base 7, what is 31063 - 2?
31061
In base 13, what is -8b - -3?
-88
In base 5, what is -244 - 3002?
-3301
In base 15, what is 0 - -75?
75
In base 14, what is c5 + -2?
c3
In base 14, what is 0 + 21?
21
In base 12, what is 606 + -2?
604
In base 9, what is 1 + -4?
-3
In base 11, what is 112 - 23?
9a
In base 7, what is -1 + 45?
44
In base 13, what is 580 - 2?
57b
In base 9, what is -301 - 1?
-302
In base 9, what is 0 - 56?
-56
In base 6, what is -1423 + 5?
-1414
In base 2, what is -1011100 + 100?
-1011000
In base 15, what is -3 + -11?
-14
In base 5, what is -4 + 32202?
32143
In base 9, what is -83 - 0?
-83
In base 6, what is -4 + -13?
-21
In base 10, what is 440 - -2?
442
In base 6, what is 10025 - 4?
10021
In base 13, what is -4c - -3?
-49
In base 12, what is 71 - -15?
86
In base 12, what is -51 - 5?
-56
In base 9, what is -12 - -5?
-6
In base 7, what is -20 - 2?
-22
In base 4, what is 330011 + -3?
330002
In base 14, what is b33 + -1?
b32
In base 6, what is 1133 + 5?
1142
In base 8, what is 320 + -3?
315
In base 5, what is 242 + 1?
243
In base 11, what is 0 - 347?
-347
In base 7, what is 105 - -224?
332
In base 6, what is -5 + 32?
23
In base 15, what is 2 - -7c?
7e
In base 15, what is -50 - 1?
-51
In base 12, what is 19 - 43?
-26
In base 10, what is 5 + -75?
-70
In base 11, what is -426 + 31?
-3a5
In base 9, what is 31 - -6?
37
In base 10, what is 2 + -72?
-70
In base 7, what is 12 + -23?
-11
In base 12, what is 51 - 17?
36
In base 13, what is -4 + 52?
4b
In base 10, what is -68 + 7?
-61
In base 4, what is 11 + 11?
22
In base 8, what is 136 + 1?
137
In base 5, what is 3 - 31120?
-31112
In base 11, what is -248 - 4?
-251
In base 16, what is -5 - 30?
-35
In base 5, what is -11 + 121?
110
In base 6, what is -2240 + -3?
-2243
In base 14, what is -3 + -a4?
-a7
In base 12, what is -9 - -147b?
1472
In base 9, what is -128 + -8?
-137
In base 11, what is -1 + -18?
-19
In base 8, what is -110 - -21?
-67
In base 4, what is 1031 + 13?
1110
In base 13, what is -357 - 3?
-35a
In base 13, what is -16 + 175?
15c
In base 8, what is -3 - -1276?
1273
In base 6, what is 14 + 1354?
1412
In base 5, what is -4 + 2222?
2213
In base 14, what is 2947 + -5?
2942
In base 3, what is -202210 - -1?
-202202
In base 3, what is -1010000210 + -10?
-1010000220
In base 11, what is 2 + -54?
-52
In base 15, what is 3b9 - -2?
3bb
In base 16, what is 1 + 24?
25
In base 8, what is 422 - -5?
427
In base 11, what is 45 - -4?
49
In base 2, what is -10 - 10011111?
-10100001
In base 9, what is 32 - 24?
7
In base 2, what is 1010000 + 11?
1010011
In base 8, what is -474 + -1?
-475
In base 5, what is -2 - 142003?
-142010
In base 6, what is -152 - -120?
-32
In base 3, what is -112221 + -10?
-120001
In base 9, what is -2 + -8?
-11
In base 3, what is -10 + -201120?
-201200
In base 2, what is 111111 - -101?
1000100
In base 13, what is 9b + -8?
93
In base 9, what is -5 - 2?
-7
In base 15, what is -2 - 1d6?
-1d8
In base 12, what is -33a + 3?
-337
In base 8, what is -12 - 222?
-234
In base 2, what is -101 - -1101101?
1101000
In base 9, what is -138 - 30?
-168
In base 15, what is 15c + 1?
15d
In base 11, what is -12 + -1a?
-31
In base 9, what is -13 + 30?
16
In base 4, what is -21 + -23?
-110
In base 14, what is -4 + -22b?
-231
In base 5, what is -111 + 2?
-104
In base 16, what is -2f - -92?
63
In base 10, what is 4857 - 5?
4852
In base 4, what is -103322 + 3?
-103313
In base 5, what is 4 - -20020?
20024
In base 8, what is 2223 - 4?
2217
In base 15, what is 70 - -2b?
9b
In base 3, what is 102 + 121?
1000
In base 11, what is 503 - 27?
487
In base 8, what is -5155 - 2?
-5157
In base 14, what is -12 - -3?
-d
In base 12, what is -5a + -14?
-72
In base 12, what is -3 - -87?
84
In base 7, what is -2 - -264?
262
In base 2, what is -100010011 - 100?
-100010111
In base 12, what is 0 + -385?
-385
In base 7, what is -2 - -3100?
3065
In base 4, what is 1333 + 1?
2000
In base 6, what is 1101 - -3?
1104
In base 15, what is -3cd + -3?
-3d1
In base 3, what is -122 + -11001?
-11200
In base 6, what is 444 - -111?
555
In base 14, what is -9 - 11?
-1a
In base 13, what is -c0 - 6a?
-15a
In base 16, what is 4 + -5c?
-58
In base 13, what is 1042 - 2?
1040
In base 12, what is -157 - 29?
-184
In base 9, what is 8 + 5?
14
In base 15, what is -415 - -5?
-410
In base 13, what is 10b + 3?
111
In base 14, what is 1 + -610?
-60d
In base 15, what is 12 - -5?
17
In base 12, what is 10 - 47?
-37
In base 15, what is 2 + -9a?
-98
In base 10, what is 18 - 70?
-52
In base 5, what is 14 + 1413?
1432
In base 7, what is -14 + 101?
54
In base 16, what is 4 + -31?
-2d
In base 15, what is -5 - 28b?
-291
In base 2, what is 1111 - 100001001?
-11111010
In base 9, what is -6 + 114?
107
In base 3, what is 222 - 1?
221
In base 4, what is -33 + -313?
-1012
In base 12, what is 1 + 223?
224
In base 12, what is 45 + -1?
44
In base 7, what is -43 + -4?
-50
In base 15, what is 1 - 607?
-606
In base 2, what is 11 - 1101001?
-1100110
In base 2, what is 11 - -110?
1001
In base 12, what is 4 - 29?
-25
In base 12, what is -54a + 0?
-54a
In base 14, what is 0 + -21d2?
-21d2
In base 2, what is 11 - 10000011011?
-10000011000
In base 12, what is -1 + -15?
-16
In base 5, what is -11 - 410?
-421
In base 7, what is -464 - 3?
-500
In base 11, what is -14 + 73a?
726
In base 8, what is 3 - 11?
-6
In base 15, what is -16 - -1a?
4
In base 8, what is 22 + 17?
41
In base 4, what is -1 - 202?
-203
In base 16, what is 137 - -1?
138
In base 14, what is -5d - -a?
-53
In base 4, what is -102 - 3321?
-10023
In base 13, what is 506 - 3?
503
In base 3, what is -2 - 1111?
-1120
In base 7, what is -15200 + 5?
-15162
In base 4, what is 0 - -100110?
100110
In base 5, what is 0 - -10214?
10214
In base 9, what is 62 + 10?
72
In base 9, what is 0 - 0?
0
In base 7, what is 3 + -562?
-556
In base 5, what is -31 + 10012?
4431
In base 12, what is -a - 115?
-123
In base 5, what is -2 + 13232?
13230
In base 2, what is 101 + -11011011?
-11010110
In base 14, what is -261c + 3?
-2619
In base 6, what is -11 - 330?
-341
In base 16, what is 0 + -b6f?
-b6f
In base 9, what is -4 - 10?
-14
In base 2, what is 11 - -1001011?
1001110
In base 6, what is 53 - -14?
111
In base 14, what is -20ad - 0?
-20ad
In base 5, what is 10 - 122430?
-122420
In base 10, what is 26 - 2?
24
In base 11, what is -2769 - 0?
-2769
In base 9, what is 104 + -5?
88
In base 5, what is -4 + 10043?
10034
In base 13, what is -175 + -3?
-178
In base 11, what is -233 - 3?
-236
In base 8, what is -77 + 3?
-74
In base 4, what is 2231 - 0?
2231
In base 9, what is 21 + -1?
20
In base 3, what is -2021022200 + 1?
-2021022122
In base 6, what is 11 + 2040?
2051
In base 13, what is 251 - 3?
24b
In base 10, what is 64 - -5?
69
In base 11, what is 1526 - 2?
1524
In base 14, what is -122 + -38?
-15a
In base 6, what is 0 + -415?
-415
In base 14, what is -2 - -db?
d9
In base 16, what is -3c - -c?
-30
In base 11, what is -10a0 - 6?
-10a6
In base 2, what is 1000 + 10010?
11010
In base 9, what is 5 + -7?
-2
In base 8, what is 4 + 2?
6
In base 8, what is 0 + -343?
-343
In base 16, what is -256 - -2?
-254
In base 15, what is 5 + 95c?
962
In base 15, what is -ab9c + 1?
-ab9b
In base 10, what is -28 + -90?
-118
In base 11, what is 2 + 218?
21a
In base 10, what is -6 + -837?
-843
In base 9, what is -3 + 618?
615
In base 8, what is 45615 - 3?
45612
In base 6, what is -432 - -15?
-413
In base 4, what is 1303 - -110?
2013
In base 15, what is 4 + -6b8?
-6b4
In base 16, what is -9 - -13?
a
In base 16, what is 5 + -153?
-14e
In base 11, what is a + -413?
-404
In base 2, what is -11 + 101101001110?
101101001011
In base 11, what is 2 + -5391?
-538a
In base 3, what is -210122 - 11?
-210210
In base 9, what is 1040 + -5?
1034
In base 12, what is 1 - -2364?
2365
In base 12, what is -6 + 4a?
44
In base 4, what is 103202 - -3?
103211
In base 16, what is -1629 - -4?
-1625
In base 4, what is 1313 + -2222?
-303
In base 13, what is -39 + 36?
-3
In base 14, what is -47 - 32?
-79
In base 15, what